{"id":54,"date":"2014-11-09T23:43:40","date_gmt":"2014-11-09T21:43:40","guid":{"rendered":"http:\/\/www.svnikola.jordanoski.de\/?page_id=54"},"modified":"2018-11-25T02:25:59","modified_gmt":"2018-11-25T00:25:59","slug":"anfang-2","status":"publish","type":"page","link":"http:\/\/sveti-nikola.de\/?page_id=54","title":{"rendered":"Anfang"},"content":{"rendered":"<div style=\"clear:both;\"><\/div><p style=\"text-align: justify;\"><a href=\"http:\/\/sveti-nikola.de\/wp-content\/uploads\/2014\/11\/sv-nikola-org_web.jpg\"><img decoding=\"async\" loading=\"lazy\" class=\" wp-image-169 alignleft\" src=\"http:\/\/sveti-nikola.de\/wp-content\/uploads\/2014\/11\/sv-nikola-org_web-187x300.jpg\" alt=\"sv-nikola-org_web\" width=\"170\" height=\"273\" srcset=\"http:\/\/sveti-nikola.de\/wp-content\/uploads\/2014\/11\/sv-nikola-org_web-187x300.jpg 187w, http:\/\/sveti-nikola.de\/wp-content\/uploads\/2014\/11\/sv-nikola-org_web.jpg 201w\" sizes=\"(max-width: 170px) 100vw, 170px\" \/><\/a>Willkommen auf der Internetseite der Makedonisch-Orthodoxen Kirchengemeinde &#8220;Hl. Nikolaus&#8221; aus\u00a0Mainz &#8211;\u00a0Deutschland. Unsere Pr\u00e4senz soll Ihnen als Informationsquelle dienen, um Ihnen jederzeit Antworten auf Ihre Fragen zu bieten. Sollten Sie jedoch direkt mit uns in Kontakt treten wollen, k\u00f6nnen Sie dies \u00fcber den Link <a href=\"http:\/\/sveti-nikola.de\/?page_id=44\">Kontakt <\/a>tun.<\/p>\n<p style=\"text-align: justify;\">Regelm\u00e4\u00dfige Gottesdienste:\u00a0Jeden Sonntag finden ab 11 Uhr Gottesdienste\u00a0statt.<\/p>\n<p style=\"text-align: justify;\">Unser Vorstand steht Ihnen jeden Sonntag nach dem\u00a0Gottesdienst\u00a0pers\u00f6nlich zur Verf\u00fcgung. Dar\u00fcber hinaus k\u00f6nnen Sie\u00a0ihn abends unter <em>+49 (0) 171 211 2711<\/em>\u00a0telefonisch erreichen.<\/p>\n<p><a href=\"http:\/\/sveti-nikola.de\/wp-content\/uploads\/2014\/11\/Pokana-Osvetuvanje.jpg\"><img decoding=\"async\" loading=\"lazy\" class=\"alignnone size-medium wp-image-399\" src=\"http:\/\/sveti-nikola.de\/wp-content\/uploads\/2014\/11\/Pokana-Osvetuvanje-236x300.jpg\" alt=\"Pokana Osvetuvanje\" width=\"236\" height=\"300\" srcset=\"http:\/\/sveti-nikola.de\/wp-content\/uploads\/2014\/11\/Pokana-Osvetuvanje-236x300.jpg 236w, http:\/\/sveti-nikola.de\/wp-content\/uploads\/2014\/11\/Pokana-Osvetuvanje.jpg 755w\" sizes=\"(max-width: 236px) 100vw, 236px\" \/><\/a><\/p>\n<table style=\"height: 48px;\" width=\"456\">\n<tbody>\n<tr>\n<td>\u00d6ffnungszeiten:<\/td>\n<td><strong>Jeden Sonntag von 11 Uhr bis 13 Uhr und nach Vereinbarung<\/strong><\/td>\n<\/tr>\n<tr>\n<td>Unsere Kirchenanschrift:<\/td>\n<td><strong>August-Horch-Stra\u00dfe 4, 55129, Mainz-Hechtsheim<\/strong><\/td>\n<\/tr>\n<\/tbody>\n<\/table>\n<p style=\"text-align: justify;\">\u00a0 \u00a0 \u00a0 \u00a0 \u00a0 \u00a0 \u00a0 \u00a0 \u00a0 \u00a0 \u00a0 \u00a0 \u00a0 \u00a0 \u00a0\u00a0<strong>\u00a0<\/strong><\/p>\n<p style=\"text-align: justify;\">\n","protected":false},"excerpt":{"rendered":"<p>Willkommen auf der Internetseite der Makedonisch-Orthodoxen Kirchengemeinde &#8220;Hl. Nikolaus&#8221; aus\u00a0Mainz &#8211;\u00a0Deutschland. Unsere Pr\u00e4senz soll Ihnen als Informationsquelle dienen, um Ihnen jederzeit Antworten auf Ihre Fragen zu bieten. Sollten Sie jedoch direkt mit uns in Kontakt treten wollen, k\u00f6nnen Sie dies \u00fcber den Link Kontakt tun. Regelm\u00e4\u00dfige Gottesdienste:\u00a0Jeden Sonntag finden ab 11 Uhr Gottesdienste\u00a0statt. Unser Vorstand&#8230; <\/p>\n<div class=\"link-more\"><a href=\"http:\/\/sveti-nikola.de\/?page_id=54\">Read More<\/a><\/div>\n","protected":false},"author":1,"featured_media":0,"parent":0,"menu_order":0,"comment_status":"closed","ping_status":"closed","template":"","meta":[],"_links":{"self":[{"href":"http:\/\/sveti-nikola.de\/index.php?rest_route=\/wp\/v2\/pages\/54"}],"collection":[{"href":"http:\/\/sveti-nikola.de\/index.php?rest_route=\/wp\/v2\/pages"}],"about":[{"href":"http:\/\/sveti-nikola.de\/index.php?rest_route=\/wp\/v2\/types\/page"}],"author":[{"embeddable":true,"href":"http:\/\/sveti-nikola.de\/index.php?rest_route=\/wp\/v2\/users\/1"}],"replies":[{"embeddable":true,"href":"http:\/\/sveti-nikola.de\/index.php?rest_route=%2Fwp%2Fv2%2Fcomments&post=54"}],"version-history":[{"count":17,"href":"http:\/\/sveti-nikola.de\/index.php?rest_route=\/wp\/v2\/pages\/54\/revisions"}],"predecessor-version":[{"id":850,"href":"http:\/\/sveti-nikola.de\/index.php?rest_route=\/wp\/v2\/pages\/54\/revisions\/850"}],"wp:attachment":[{"href":"http:\/\/sveti-nikola.de\/index.php?rest_route=%2Fwp%2Fv2%2Fmedia&parent=54"}],"curies":[{"name":"wp","href":"https:\/\/api.w.org\/{rel}","templated":true}]}}